+ (-3 - -4) - 5) + 50 + -3 + 8
49
What is the value of -10 - 3 - (-47 + -7 + (11 - -7))?
23
29 + (-186 - -38) + (-75 - -59)
-135
Calculate 53 + -9 + 14 - (4 + 18).
36
76 + 1 - (-6881 - -6947)
11
What is the value of 23 + -4 + (-5 + -9 - (-29 + 8))?
26
3 + -9 + 1 + -14 - 18
-37
Evaluate (-5 - -72 - ((-14 - (-25 - -1)) + -10)) + -7.
60
Calculate (-62 - -2) + 35 + 2 + 345 + -386.
-64
(1 - 6) + 27 - (-11 + 4 - -1)
28
What is the value of 16 + (-1 + (20 - -3) - 33)?
5
What is the value of (-30 + 45 - 43) + (11 - 1 - (-10 + 12))?
-20
Evaluate (-1 + 12 - (75 - 20)) + -6 + 9.
-41
Evaluate 71 + 15 + -176 + 78.
-12
What is the value of -171 - (-70 + 39 - -8 - 8)?
-140
Evaluate 54 + (-36 - (55 - 52)).
15
Evaluate -10 + 19 + 20 + 15 + -69.
-25
What is the value of (32 + -24 - (-4 - -25) - -6 - -2) + -74?
-79
Evaluate -20 + (7 - (-74 + 18)) + (13 - 1).
55
Calculate -10 - (-69 + -17 + 0 + (10 - 0)) - 12.
54
(4 + (-16 - -3 - -17) - (4 - -10)) + 95
89
Calculate 14 + -12 - (8 + (-3 - -23) + -32).
6
(-14 - -104) + 15 + (-8 - (-11 - (13 - 24)))
97
What is 36 + (32 - -59) + -83?
44
What is -673 - -660 - ((-80 - -67) + (1 - (-2 + 2)))?
-1
Calculate -43 - (69 + -61 + -33).
-18
What is the value of -30 + -7 + 4 - 102 - -40?
-95
What is 13 - ((-337 - -336) + 0 + 20 + -1)?
-5
Evaluate -58 - ((-2 - (7 + 8 + -8)) + 4).
-53
Evaluate -38 + 0 + -395 + 371.
-62
Calculate 14 + -24 + 3 + -21 - (5 + -1).
-32
What is 34 - (24 - -1) - 8?
1
Calculate 59 - (-25 + 28 + -2).
58
What is 895 - 921 - (0 + 42 + -2)?
-66
Evaluate -187 - (73 + 1 - 136).
-125
What is the value of (-13 - (28 - 19 - 14 - 92)) + -12 + 3?
75
Evaluate 10 + (2 - 4) - (29 - (-19 - 3)).
-43
Evaluate 74 - (12 + -3 + (-17 - -20)).
62
Calculate -2 + 0 + (-33 - 4).
-39
Evaluate 4 - 2 - -9 - (-4237 + 4244).
4
Evaluate (21 - (9 + 30 - -22)) + -42.
-82
What is 21 + (54 - (-6 - -32)) + -80?
-31
What is -245 + 110 + -13 - -169?
21
What is the value of 12 - 19 - -35 - (-16 + 0)?
44
Evaluate 1 - (5 - 2) - -11 - (3 + -15 - -3).
18
What is 4 - -5 - 108 - (6 - 26)?
-79
Calculate 55 + -32 - -59 - 41.
41
Calculate -2 + 60 - (-7675 + 7668).
65
Calculate -39 - 1 - (134 - (49 - -82)).
-43
What is -111 + -32 + 220 + -58?
19
What is the value of 199 - 241 - (4 + (4 - 5) - -6)?
-51
Calculate (4 - 2) + -11 - (-256 + 208).
39
Calculate 20 + 8 + -14 + 8 + (21 - 1).
42
(4 - (-33 - -6)) + (53 - 65)
19
What is -20 - (5 - (5 + 74)) - 15?
39
What is the value of (85 - 57 - 49) + (3 + -2 - -72)?
52
Calculate (4 - (6 + 41)) + (-2304 - -2327).
-20
What is -13 - (-2 - (58 - 39))?
8
What is 124 + (-93 - (-107 - -84))?
54
What is the value of 9 - ((-65 - -21) + 27 - -123)?
-97
-3 + 12 - (-39 + 69 + -46) - -11
36
What is -14 + (-16 - -11 - -1) + (66 - 11)?
37
What is (31 - (68 + 1)) + -10 + 12 + -4?
-40
Calculate 3 - -31 - ((-6 - (-2 - 4 - 1)) + -14).
47
What is the value of -39 - (-8 - (-9 - 40) - 11)?
-69
Calculate -22 - (6 - 10) - ((-91 - -50) + -22).
45
Calculate (14 - 7) + (27 - 8) + (-13 - -17).
30
What is -64 + (52 - 33 - -71)?
26
18 - (-55 + -28 - -47)
54
What is the value of -30 + 42 + -26 - (-4 - (67 + 1))?
58
What is the value of 1 + -2 - ((-4 - 19) + -11 - -26)?
7
What is the value of -300 + 287 - (-15 - -2) - -127?
127
What is the value of (-88 - -82) + 103 + (-19 - -22 - (11 - 0))?
89
(12 - 12 - (0 - 25)) + -56
-31
Calculate -22 - (4 + 14 + -25) - -12.
-3
What is 45 - -28 - -11 - 92?
-8
What is the value of 65 + (20 + -19 - 25)?
41
What is the value of 221 + -219 + -4 + -1 + 1?
-2
Calculate -1 - -19 - ((2 - -194) + -200).
22
Evaluate (28 - (-63 + 86)) + (-55 - -2).
-48
-9 + -170 + 166 + (14 - 18 - (0 - -34))
-51
97 - 84 - ((28 - 1) + (32 - 34))
-12
Evaluate (-59 + 17 - (-13 - 9)) + 55 + -2.
33
Evaluate 23 + -27 + -38 + 33.
-9
(181 - 176) + 1 + 31
37
-8 - (6 + 2 + 7) - (-13 + 5 - 1)
-14
(4 - (3 + -71)) + (9 - 1 - 20)
60
What is the value of 1 + 29 - (17 - (-28 + 56 - 30 - -23))?
34
What is the value of (0 - -51) + (-4618 - -4560)?
-7
55 + (-10 - -8) - ((8 - 1) + -20 + 8)
58
Calculate (12 - 2) + (16 - (32 + -16 - -15)).
-5
Evaluate 10 + (-27 - 3 - -24) + (-38 - (-4 + 2)).
-32
Evaluate -20 + (2 - (19 - 18)) + 8 + 34.
23
Calculate (-1 - (-6 + 3)) + -11 + 5417 + -5417.
-9
What is -4 - ((1 - -22) + (-485 - -480))?
-22
Calculate -339 + 308 - (-2 + -48) - -16.
35
What is the value of (-20 - (-22 + 8 + -30)) + -7?
17
What is the value of (-33 + 58 - -6) + -14?
17
Calculate -7 + (-18 + 0 - (-68 + (44 - -40))).
-41
Evaluate -40 - (14 - 33 - 9) - (30 + 1).
-43
-1 - (10 - -1 - -5) - (24 - 1)
-40
Calculate 7 + -6 + -8 - (-4 + -10) - (10 - 7).
4
What is 139 - (7 - (-19 - -20)) - (21 - 28)?
140
Evaluate (10 - -1) + 26 + -9 + -43 + 66.
51
-20 + 12 - (16 - 30 - -5)
1
What is 2 - 21 - (104 + 102 + -210)?
-15
70 + -38 + (-150 - -90)
-28
What is 17 + (-2 - -8) - 31?
-8
Calculate 81 - (-61 - -141) - -92.
93
What is 3 + 27 + -25 + -15 - (-21 - 0)?
11
Evaluate (8 - 6) + 15 + -21 - 9.
-13
What is the value of 45 + 0 - (-10580 - -10643)?
-18
Calculate -42 + 61 + -17 - 47.
-45
What is the value of (23 - -3) + (1147 - 1158)?
15
142 + 51 + 25 + -161
57
What is 8 + 110 - (440 - 384)?
62
What is the value of (9 - 248 - -132) + 0 + 34?
-73
What is the value of (-27 - -1 - (-916 - -907)) + (-2 - -63)?
44
Calculate 40 - ((-6 - (-1 - 20 - -3)) + -12) - -9.
49
Evaluate 1 - 81 - (-1183 + 1194).
-91
Calculate 9 + 11 + -74 + -10 + (0 - -11).
-53
Evaluate -41 - -48 - ((45 - 43) + (-1 - -3)).
3
Evaluate 92 + -3 + -568 + 533.
54
Evaluate (6 - 10 - (-103 + 70)) + 28.
57
Calculate -17 + 14 + (109 - 121 - (2 - -1)).
-18
(-48 - -5) + (1963 - 1848)
72
Calculate -50 + 0 - (154 - 151) - 3 - -1.
-55
What is 36 + -42 - (-29 + -5 + -7)?
35
What is the value of -48 - (-38 - (-75 - -4))?
-81
-5 + (7 - 58) + (-1 - 19 - -4)
-72
What is (35 - (18 - -122)) + (-5 - -10) + -10?
-110
39 - 0 - (-86 - (-121 - 53))
-49
What is the value of 10 + 117 + (-1 - (-13 + 8 + 20)) + 9?
120
What is 41 - (11 + -33 + 32)?
31
-19 + (-27 - -21 - -20) + 20
15
-47 - 33 - (-139 - -54)
5
What is the value of 30 - (0 + -5 - -2) - (-23 + 66 - 42)?
32
((3 - -13) + -3 + -13 - (15 + -1)) + 20
6
What is 113 + -38 + 11 - (0 - (6 - (13 - -2)))?
77
Calculate 16 + (0 - -1 - (29 + (-76 - -58))).
6
Calculate 829 + -834 + (-6 - -2 - (15 + -22) - 1).
-3
What is -5 - ((35 - -4) + 2 + 28)?
-74
Evaluate -4 - (-31 + -3 - -50) - -29.
9
Evaluate -66 - ((2 - 9) + (-22 - -29) + -6 + -2).
-58
-87 - (-56 + 65 - 58)
-38
1 - -5 - (-86 + 67) - 20
5
Calculate (-9 - -5) + 9 - ((40 - 12) + 20).
-43
What is (-17 + -5 - (-44 - -15)) + 32?
39
What is the value of -43 + 1 - (-10 + (7 - 3 - -15)) - -2?
-49
What is the value of (-50 + 51 - (1 - -14)) + 159 + -4 + -5?
136
Calculate (-40 - (-39 + 5)) + -11 - (0 + 0 - 3).
-14
What is the value of -96 + -1 + (38 - 145 - -127)?
-77
What is -6 + (-17 - 43) - (-7 + -7) - (1 + 5)?
-58
Calculate -29 - (-14 + 13 + 25 - 8).
-45
What is (47 - (-80 + 48)) + -19?
60
Calculate 49 - (-6 + 1 - (22 - 17)) - -7 - 1.
65
What is 19 + (-15 - (17 + (28 - 14))) + 0 + 1?
-26
Evaluate (-19 + 32 - 12) + (24 + 0 - 2) + 1.
24
What is the value of -12 + 17 - 14 - (8 + -29)?
12
(322 - 240) + (-140 - -47)
-11
Calculate -11 + (1 - -53) + (-5 - (11 + -15)).
42
What is 2 + -28 - (39 + -36 + 21 - 35)?
-15
Evaluate 0 - (-12 + (-1 - -27)) - (46 + -13).
-47
What is the value of 12 + -50 + 40 + 11?
13
Calculate (1 - 11 - (-60 - -47)) + 9 - 12.
0
What is the value of -3 + 1 + 6 + 12 + -23 + 1 + 91?
85
What is the value of 2 - ((-8 - -21) + -18 + -2)?
9
79 + -18 + 1 + (-47 - -26)
41
Evaluate -39 - (-123 + 15 + 21).
48
Calculate (-9 - 4 - (-17 - (3 - 8))) + -53.
-54
What is the value of 8 + -6 - 7 - -38 - (72 - 67)?
28
Calculate (-2 + 2 - (10 - (5 + -1))) + (367 - 352).
9
What is the value of (15 - -4) + (-23 - -1) + -9 - -12?
0
-14 + 33 + (-29 - -7)
-3
What is the value of 181 + (-167 - (111 + -166))?
69
Calculate 32 + 2 + 15 + (-3 + -1 - 0) + -8.
37
Evaluate -14 - ((1 - 2 - 0) + -932 + 937).
-18
18 - (-35 - (11 + (-10 - 19)) - 15)
50
What is (-2 - 5) + -2 + 0 + 1575 + -1561?
5
What is (-4 - -54) + 407 + -437?
20
Evaluate (-6 - -10) + 7 + (1 - 1) - (31 - 11).
-9
What is (-16 - (-18 - -5)) + 2 + (4 - -1)?
4
What is the value of (759 - 763) + (-4 - (-48 + (-4 - -3)))?
41
Calculate (70 - (-59 + 164)) + 76.
41
What is the value of (2 - -1 - 7